{"id":17,"date":"2020-09-09T07:48:12","date_gmt":"2020-09-09T07:48:12","guid":{"rendered":"https:\/\/penzion-frydstejn.cz\/?page_id=17"},"modified":"2026-04-17T18:12:15","modified_gmt":"2026-04-17T18:12:15","slug":"cenik","status":"publish","type":"page","link":"https:\/\/penzion-frydstejn.cz\/index.php\/cenik\/","title":{"rendered":"Cen\u00edk"},"content":{"rendered":"\n<p>Apartm\u00e1n nab\u00edz\u00ed pohodlnou lo\u017enici, kompletn\u011b za\u0159\u00edzenou kuchy\u0148ku&nbsp;(v\u010detn\u011b lednice, mikrovlnn\u00e9 trouby, va\u0159i\u010de a varn\u00e9 konvice)&nbsp;a koupelnu&nbsp;pro v\u00e1\u0161 maxim\u00e1ln\u00ed komfort b\u011bhem pobytu.<\/p>\n\n\n\n<p><strong>Ceny apartm\u00e1nu za noc<\/strong><\/p>\n\n\n\n<figure class=\"wp-block-table\"><table><tbody><tr><td>Dvoul\u016f\u017ekov\u00fd apartm\u00e1n<\/td><td class=\"has-text-align-left\" data-align=\"left\">1 400 K\u010d<\/td><\/tr><tr><td>Dvoul\u016f\u017ekov\u00fd apartm\u00e1n ECONOMY<\/td><td class=\"has-text-align-left\" data-align=\"left\">1 100 K\u010d<\/td><\/tr><tr><td>T\u0159\u00edl\u016f\u017ekov\u00fd apartm\u00e1n<\/td><td class=\"has-text-align-left\" data-align=\"left\">2 000 K\u010d<\/td><\/tr><tr><td>T\u0159\u00edl\u016f\u017ekov\u00fd apartm\u00e1n ECONOMY<\/td><td class=\"has-text-align-left\" data-align=\"left\">1 700 K\u010d<\/td><\/tr><tr><td>\u010cty\u0159l\u016f\u017ekov\u00fd apartm\u00e1n <br><sub>man\u017eelsk\u00e1 postel + dvouposcho\u010fov\u00e1 postel<\/sub><\/td><td class=\"has-text-align-left\" data-align=\"left\">2 300 K\u010d<\/td><\/tr><tr><td>P\u011btil\u016f\u017ekov\u00fd apartm\u00e1n<br><sub>man\u017eelsk\u00e1 postel + 3x jednol\u016f\u017ekov\u00e1 postel<\/sub><\/td><td class=\"has-text-align-left\" data-align=\"left\">2 600 K\u010d<\/td><\/tr><tr><td>Jedna osoba ve v\u00edcel\u016f\u017ekov\u00e9m apartm\u00e1nu<\/td><td class=\"has-text-align-left\" data-align=\"left\">   900 K\u010d<\/td><\/tr><\/tbody><\/table><\/figure>\n\n\n\n<p>Ubytov\u00e1n\u00ed dom\u00e1c\u00edch zv\u00ed\u0159at je mo\u017en\u00e9 pouze po p\u0159edchoz\u00ed domluv\u011b.<\/p>\n\n\n\n<p><strong>Pro firmy a hosty s z\u00e1jmem o dlouhodob\u00fd pobyt nab\u00edz\u00edme ceny \u0161it\u00e9 na m\u00edru. Va\u0161e specifick\u00e9 pot\u0159eby a po\u017eadavky jsou pro n\u00e1s d\u016fle\u017eit\u00e9, a proto r\u00e1di p\u0159iprav\u00edme individu\u00e1ln\u00ed cenovou nab\u00eddku, kter\u00e1 bude reflektovat d\u00e9lku a charakter va\u0161eho pobytu.<\/strong><\/p>\n\n\n\n<p><\/p>\n\n\n\n\n\n<p><strong>Slu\u017eby<\/strong><\/p>\n\n\n\n<figure class=\"wp-block-table is-style-regular\"><table><tbody><tr><td>Sn\u00eddan\u011b a ve\u010de\u0159e po p\u0159edchoz\u00ed domluv\u011b<\/td><td>&nbsp;<\/td><\/tr><tr><td>Uzav\u0159en\u00e9 parkovi\u0161t\u011b<\/td><td>ZDARMA &nbsp;<br><\/td><\/tr><\/tbody><\/table><\/figure>\n\n\n\n<p>Objedn\u00e1vky zas\u00edlejte p\u0159edev\u0161\u00edm pomoc\u00ed e-mailu&nbsp;<a href=\"https:\/\/web.archive.org\/web\/20190725150706\/mailto:vila.frydstejn@email.cz?subject=ubytovani\">vila.frydstejn@email.cz<\/a>, p\u0159\u00edpadn\u011b telefonicky +420739424017.<\/p>\n","protected":false},"excerpt":{"rendered":"<p>Apartm\u00e1n nab\u00edz\u00ed pohodlnou lo\u017enici, kompletn\u011b za\u0159\u00edzenou kuchy\u0148ku&nbsp;(v\u010detn\u011b lednice, mikrovlnn\u00e9 trouby, va\u0159i\u010de a varn\u00e9 konvice)&nbsp;a koupelnu&nbsp;pro &#8230; <\/p>\n<div class=\"text-center\"><a class=\"theme-btn\" href=\"https:\/\/penzion-frydstejn.cz\/index.php\/cenik\/\">Read More<\/a><\/div>\n","protected":false},"author":1,"featured_media":0,"parent":0,"menu_order":0,"comment_status":"closed","ping_status":"closed","template":"","meta":{"footnotes":""},"class_list":["post-17","page","type-page","status-publish","hentry"],"_links":{"self":[{"href":"https:\/\/penzion-frydstejn.cz\/index.php\/wp-json\/wp\/v2\/pages\/17","targetHints":{"allow":["GET"]}}],"collection":[{"href":"https:\/\/penzion-frydstejn.cz\/index.php\/wp-json\/wp\/v2\/pages"}],"about":[{"href":"https:\/\/penzion-frydstejn.cz\/index.php\/wp-json\/wp\/v2\/types\/page"}],"author":[{"embeddable":true,"href":"https:\/\/penzion-frydstejn.cz\/index.php\/wp-json\/wp\/v2\/users\/1"}],"replies":[{"embeddable":true,"href":"https:\/\/penzion-frydstejn.cz\/index.php\/wp-json\/wp\/v2\/comments?post=17"}],"version-history":[{"count":34,"href":"https:\/\/penzion-frydstejn.cz\/index.php\/wp-json\/wp\/v2\/pages\/17\/revisions"}],"predecessor-version":[{"id":355,"href":"https:\/\/penzion-frydstejn.cz\/index.php\/wp-json\/wp\/v2\/pages\/17\/revisions\/355"}],"wp:attachment":[{"href":"https:\/\/penzion-frydstejn.cz\/index.php\/wp-json\/wp\/v2\/media?parent=17"}],"curies":[{"name":"wp","href":"https:\/\/api.w.org\/{rel}","templated":true}]}}

Ceník

<p>Apartmán nabízí pohodlnou ložnici, kompletně zařízenou kuchyňku&nbsp;(včetně lednice, mikrovlnné trouby, vařiče a varné konvice)&nbsp;a koupelnu&nbsp;pro váš maximální komfort během pobytu.</p>



<p><strong>Ceny apartmánu za noc</strong></p>



<figure class="wp-block-table"><table><tbody><tr><td>Dvoulůžkový apartmán</td><td class="has-text-align-left" data-align="left">1 400 Kč</td></tr><tr><td>Dvoulůžkový apartmán ECONOMY</td><td class="has-text-align-left" data-align="left">1 100 Kč</td></tr><tr><td>Třílůžkový apartmán</td><td class="has-text-align-left" data-align="left">2 000 Kč</td></tr><tr><td>Třílůžkový apartmán ECONOMY</td><td class="has-text-align-left" data-align="left">1 700 Kč</td></tr><tr><td>Čtyřlůžkový apartmán <br><sub>manželská postel + dvouposchoďová postel</sub></td><td class="has-text-align-left" data-align="left">2 300 Kč</td></tr><tr><td>Pětilůžkový apartmán<br><sub>manželská postel + 3x jednolůžková postel</sub></td><td class="has-text-align-left" data-align="left">2 600 Kč</td></tr><tr><td>Jedna osoba ve vícelůžkovém apartmánu</td><td class="has-text-align-left" data-align="left">   900 Kč</td></tr></tbody></table></figure>



<p>Ubytování domácích zvířat je možné pouze po předchozí domluvě.</p>



<p><strong>Pro firmy a hosty s zájmem o dlouhodobý pobyt nabízíme ceny šité na míru. Vaše specifické potřeby a požadavky jsou pro nás důležité, a proto rádi připravíme individuální cenovou nabídku, která bude reflektovat délku a charakter vašeho pobytu.</strong></p>



<p></p>





<p><strong>Služby</strong></p>



<figure class="wp-block-table is-style-regular"><table><tbody><tr><td>Snídaně a večeře po předchozí domluvě</td><td>&nbsp;</td></tr><tr><td>Uzavřené parkoviště</td><td>ZDARMA &nbsp;<br></td></tr></tbody></table></figure>



<p>Objednávky zasílejte především pomocí e-mailu&nbsp;<a href="https://web.archive.org/web/20190725150706/mailto:vila.frydstejn@email.cz?subject=ubytovani">vila.frydstejn@email.cz</a>, případně telefonicky +420739424017.</p>

<p>Apartmán nabízí pohodlnou ložnici, kompletně zařízenou kuchyňku&nbsp;(včetně lednice, mikrovlnné trouby, vařiče a varné konvice)&nbsp;a koupelnu&nbsp;pro &#8230; </p>
<div class="text-center"><a class="theme-btn" href="https://penzion-frydstejn.cz/index.php/cenik/">Read More</a></div>
